of 51001220?
2, 5, 617, 4133
List the prime factors of 193703847.
3, 29, 181, 12301
What are the prime factors of 172032978?
2, 3, 13, 2205551
What are the prime factors of 6130523976?
2, 3, 211, 1210609
What are the prime factors of 3417097575?
3, 5, 45561301
What are the prime factors of 3604182603?
3, 7, 3502607
What are the prime factors of 398539798?
2, 3307, 60257
List the prime factors of 4500098213.
13, 41, 73, 115657
List the prime factors of 2341489678.
2, 11, 106431349
What are the prime factors of 201799060?
2, 5, 10089953
List the prime factors of 3307458543.
3, 1102486181
What are the prime factors of 15252972?
2, 3, 7, 19, 503
List the prime factors of 269912099.
83, 283, 11491
What are the prime factors of 14129965?
5, 67, 42179
List the prime factors of 21643210.
2, 5, 17, 7489
List the prime factors of 410035145.
5, 13, 23, 274271
List the prime factors of 3617457697.
7, 516779671
List the prime factors of 2017017360.
2, 3, 5, 17, 164789
List the prime factors of 158025682.
2, 1567, 50423
What are the prime factors of 46997076?
2, 3, 7, 257, 311
List the prime factors of 194028474.
2, 3, 101, 320179
What are the prime factors of 109899570?
2, 3, 5, 11, 333029
List the prime factors of 10687033.
7, 17, 31, 2897
What are the prime factors of 30059029?
7, 11, 13, 30029
What are the prime factors of 16923256?
2, 7, 233, 1297
What are the prime factors of 236540029?
11, 41, 97, 5407
What are the prime factors of 38483126?
2, 11, 1749233
What are the prime factors of 37237443?
3, 1259, 9859
What are the prime factors of 3518005653?
3, 17, 701, 32801
List the prime factors of 335569225.
5, 13422769
What are the prime factors of 39880183?
7, 19, 23, 13037
List the prime factors of 9564006.
2, 3, 97, 16433
What are the prime factors of 588240784?
2, 36765049
What are the prime factors of 1538111687?
7, 173, 853, 1489
What are the prime factors of 412537250?
2, 5, 89, 18541
List the prime factors of 193134686.
2, 96567343
List the prime factors of 879842886.
2, 3, 13, 619, 18223
What are the prime factors of 406160916?
2, 3, 7, 4835249
What are the prime factors of 1460504464?
2, 19, 53, 90647
What are the prime factors of 221449190?
2, 5, 199, 257, 433
List the prime factors of 4110997943.
13, 23, 607, 22651
List the prime factors of 135509809.
135509809
What are the prime factors of 9636205?
5, 1927241
List the prime factors of 62018838.
2, 3, 7, 164071
What are the prime factors of 160735010?
2, 5, 67, 127, 1889
What are the prime factors of 767129134?
2, 383564567
What are the prime factors of 2468347310?
2, 5, 11, 13, 61, 28297
What are the prime factors of 445226181?
3, 4201, 35327
List the prime factors of 369655952.
2, 353, 65449
List the prime factors of 5997218.
2, 173, 17333
What are the prime factors of 100928238?
2, 3, 16821373
What are the prime factors of 1979692748?
2, 11, 151, 297967
What are the prime factors of 292285964?
2, 17, 43, 99961
What are the prime factors of 42941806?
2, 21470903
What are the prime factors of 3251740777?
233, 13955969
List the prime factors of 1346473352.
2, 7, 577, 5953
What are the prime factors of 335395725?
3, 5, 7, 109, 5861
List the prime factors of 30266119.
13, 257, 9059
List the prime factors of 4582048583.
7, 654578369
What are the prime factors of 35705606?
2, 347, 51449
What are the prime factors of 60834810?
2, 3, 5, 683, 2969
List the prime factors of 132770176.
2, 7, 11, 19, 709
List the prime factors of 94967482.
2, 47483741
List the prime factors of 11758788.
2, 3, 326633
What are the prime factors of 60185841?
3, 59, 337, 1009
What are the prime factors of 120622892?
2, 13, 397, 5843
List the prime factors of 47109799.
11, 1831, 2339
List the prime factors of 962896458.
2, 3, 160482743
List the prime factors of 51513527.
13, 43, 92153
List the prime factors of 24589497.
3, 17, 37, 83, 157
What are the prime factors of 39846779?
7, 5692397
What are the prime factors of 11738997?
3, 29, 41, 1097
What are the prime factors of 540518437?
113, 4783349
List the prime factors of 2076664092.
2, 3, 173055341
List the prime factors of 35880930.
2, 3, 5, 19, 20983
List the prime factors of 652753810.
2, 5, 431, 151451
List the prime factors of 2527499170.
2, 5, 7, 36107131
List the prime factors of 31013138.
2, 13, 41, 47, 619
List the prime factors of 377222329.
11, 47, 729637
List the prime factors of 343847839.
1933, 177883
List the prime factors of 4384409259.
3, 17, 53, 1622053
What are the prime factors of 1021886544?
2, 3, 7, 367, 8287
List the prime factors of 34131668.
2, 8532917
List the prime factors of 100610586.
2, 3, 19, 32687
List the prime factors of 131816698.
2, 13, 5069873
What are the prime factors of 71052810?
2, 3, 5, 283, 8369
What are the prime factors of 2971210459?
7, 569, 745973
What are the prime factors of 40428084?
2, 3, 43, 47, 1667
What are the prime factors of 262066273?
7, 37438039
List the prime factors of 506930337.
3, 167, 337279
List the prime factors of 86976187.
103, 844429
What are the prime factors of 246638978?
2, 383, 321983
What are the prime factors of 5328501638?
2, 2789, 955271
What are the prime factors of 301814270?
2, 5, 151, 199877
List the prime factors of 87439344.
2, 3, 31, 58763
What are the prime factors of 19166034?
2, 3, 103, 31013
What are the prime factors of 43952248?
2, 5494031
What are the prime factors of 64671036?
2, 3, 5389253
What are the prime factors of 2216937658?
2, 13, 31, 37, 79, 941
What are the prime factors of 4520219414?
2, 41, 55124627
What are the prime factors of 83150420?
2, 5, 2039
List the prime factors of 2072472426.
2, 3, 47, 331, 2467
What are the prime factors of 84670300?
2, 5, 11, 13, 31, 191
What are the prime factors of 36205052?
2, 13, 139, 5009
List the prime factors of 477868593.
3, 157, 379, 2677
List the prime factors of 87563624.
2, 109, 100417
What are the prime factors of 613670609?
367, 839, 1993
What are the prime factors of 1516335692?
2, 67, 5657969
What are the prime factors of 186294852?
2, 3, 37, 139861
What are the prime factors of 1521342297?
3, 56346011
List the prime factors of 192020020.
2, 5, 29, 251, 1319
List the prime factors of 4554050556.
2, 3, 11, 34500383
List the prime factors of 577304937.
3, 11, 5831363
List the prime factors of 477042078.
2, 3, 79507013
List the prime factors of 414766880.
2, 5, 11, 235663
List the prime factors of 288716564.
2, 72179141
List the prime factors of 59501385.
3, 5, 146917
What are the prime factors of 33194973?
3, 7, 1580713
List the prime factors of 693306597.
3, 17, 41, 8087
List the prime factors of 541311287.
11, 4473647
List the prime factors of 62914543.
29, 2169467
List the prime factors of 13802755.
5, 59, 71, 659
What are the prime factors of 78708069?
3, 11, 41, 19391
List the prime factors of 135505408.
2, 264659
What are the prime factors of 2406150432?
2, 3, 7, 173, 6899
What are the prime factors of 686787367?
7, 29, 487, 6947
What are the prime factors of 101751477?
3, 17, 61, 32707
List the prime factors of 50032449.
3, 547, 10163
What are the prime factors of 73741910?
2, 5, 11, 23, 29147
What are the prime factors of 1194386459?
7, 17, 10036861
List the prime factors of 158567027.
19, 8345633
List the prime factors of 460221023.
41, 1931, 5813
What are the prime factors of 717523355?
5, 199, 721129
What are the prime factors of 1437109354?
2, 103, 6976259
List the prime factors of 345730056.
2, 3, 7, 2057917
List the prime factors of 249666158.
2, 7, 37, 83, 5807
List the prime factors of 92102395.
5, 7, 11, 31, 7717
What are the prime factors of 1149693501?
3, 11, 5477, 6361
List the prime factors of 679379974.
2, 7, 13, 3732857
What are the prime factors of 107263927?
23, 4663649
List the prime factors of 83251472.
2, 101, 51517
List the prime factors of 47444098.
2, 13, 1824773
What are the prime factors of 29987137?
31, 967327
What are the prime factors of 379110586?
2, 189555293
What are the prime factors of 673708039?
673708039
List the prime factors of 1046888016.
2, 3, 17, 1282951
What are the prime factors of 35362212?
2, 3, 569, 5179
What are the prime factors of 121207861?
23, 31, 139, 1223
List the prime factors of 1402989516.
2, 3, 38971931
What are the prime factors of 61218590?
2, 5, 757, 8087
